 34*m - 38*m = -40. Let y(h) = 3*h**3 - 9*h**2 + 24*h - 23. Is y(m) prime?
False
Suppose -121*a + 118*a - 4089 = 0. Let h = a - -2768. Is h prime?
False
Suppose -12 = a - 5*b, 2*b - 2 = -2*a - 14. Is 4558 + a + -2*4/(-4) a prime number?
False
Let i = 445 + -443. Suppose -2*q + i*r + 14208 = -0*r, r - 7102 = -q. Is q composite?
False
Let h be ((-50)/5 + 5)*-13649. Suppose 42*k - h = 37*k. Is k a prime number?
True
Suppose 6848612 = 47*n + 1306795. Is n a prime number?
True
Let m(j) = 9842*j**2 - 1652*j - 8237. Is m(-5) composite?
False
Suppose 6*p = 1 + 11. Suppose 49723 = p*r + 689. Is r composite?
False
Suppose 5*i - 13 = -4*u + 22, -2*i = -u - 14. Let g(r) = -12 + 46*r - 4 + 113*r. Is g(i) a prime number?
True
Let g(s) = -118*s - 57. Suppose -152*n = -149*n - 321. Let a = n - 114. Is g(a) a prime number?
True
Suppose -8598885 = -19652*z + 19637*z. Is z composite?
True
Let h = 40 - 41. Let s be h*(-3)/(-3) + 4. Suppose 70 + 531 = 5*b + s*v, -v = -2. Is b prime?
False
Suppose -26*c + 12*c = -211694. Let p = -8390 + c. Is p prime?
False
Let k(o) = 5*o**2 - 101*o - 21. Let j be k(-25). Suppose -j - 6921 = -10*f. Is f composite?
True
Suppose -4*k - 3*x + 9 = 0, -5*x + x = -12. Suppose 2*d - 147 - 55 = 2*m, k = -4*d + 5*m + 403. Is 55114/d - 2*2/(-6) composite?
False
Suppose -2*q - 5*x - 169 = -4*x, -x = 5. Let u = q - -197. Is u prime?
False
Suppose 4*u = -1 - 7, k + 2*u = -1. Suppose -o = -t + k*t - 1717, -4*o + t + 6832 = 0. Is o composite?
False
Suppose 3*j - j + 5*x = 62, -3*j = -3*x - 51. Let l be 1*((-9)/(-21) - (-12)/j). Is -3 + 1072/(3 + l) a composite number?
True
Let n = 4240 + -4244. Suppose 0 = -5*g + 12 - 37. Is g/(-4)*-8*14/n prime?
False
Let j(q) = -177*q - 282. Let o be j(-6). Suppose -o = 10*t - 77930. Is t a prime number?
False
Let i = -174306 - -255203. Is i a prime number?
True
Suppose -83*g + 16*g + 14468978 = -21*g. Is g composite?
False
Let q be -357*(2392/(-24) + -6). Suppose -332*a + q = -325*a. Is a a prime number?
False
Let k(p) = 5*p**3 - 3*p**2 - 6*p + 3. Let f(d) = -5*d**3 - 3 + 4 + d**2 + 14*d - 11*d. Let c be f(-1). Is k(c) composite?
False
Suppose -5*a + 10 = -32*x + 27*x, 16 = -4*x. Is ((-8)/(-192)*17432)/(a/(-6)) prime?
True
Is 49/((-49)/(-7)) + (-1725483 + 3)/(-2) composite?
True
Let a(i) = i**3 + 7*i**2 - 9*i - 11. Let h be a(-8). Let u be (-7)/7*15/h. Suppose -246 - 1039 = -u*o. Is o prime?
True
Suppose 2372 + 1156 = -6*b. Let r = b + 821. Is r a composite number?
False
Let i = 5750 + 944. Let d = i + 805. Is d prime?
True
Let a(v) = 9*v**3 - 3*v**2 - 22*v - 173. Is a(21) composite?
True
Suppose -431*j - 4*l + 742948 = -427*j, 2*l = -j + 185731. Is j a prime number?
False
Let t(d) = 3221*d**2 + 12*d. Let x(h) = 3220*h**2 + 10*h + 1. Let g(m) = -3*t(m) + 4*x(m). Is g(-1) composite?
False
Let r = 20 + -24. Let l be 0/(-2 - r - 0). Suppose b + 5*f - 201 = l, 4*f = -b + 2*b - 165. Is b a composite number?
False
Let t be 70/245 + 66/14. Suppose 5*a = -4*y + 50147, 5*y + t = 20. Is a a composite number?
True
Let m(q) = 10*q**2 + 4*q - 26. Let p(y) = 29*y**2 + 11*y - 77. Let u(l) = -8*m(l) + 3*p(l). Is u(6) a prime number?
False
Suppose 3*z - 2*w = 771399, -1440*w = z - 1441*w - 257131. Is z prime?
False
Let d be -35*3/12*8. Let x be ((-168)/d)/((-2)/(-5)). Suppose x*c - 2035 = c. Is c a composite number?
True
Let x(n) = 66*n**3 + 13*n**2 - 5*n + 26. Let t be x(9). Suppose -21*r = -25*r + t. Is r a composite number?
True
Let v be (-2)/(-5)*(-11165)/(-6 + 5). Let b = -1963 + v. Is b a composite number?
False
Let h = -70 + 70. Suppose 169 = -l + 4*c, -5*l + h*c = 3*c + 753. Is (-14348)/l + 2/9 a composite number?
True
Let n(z) = z**3 - 34*z**2 + 11*z - 87. Is n(36) prime?
False
Let j(i) = i**2 - i - 1. Let m be j(3). Suppose 4 = 4*n - 0, -2*y - m*n + 11 = 0. Suppose y*x - 3068 = -317. Is x a composite number?
True
Let c = -28 - -1059. Let x = -363 + c. Let s = -375 + x. Is s a prime number?
True
Is (-28)/98*(7 - (-678146)/(-4)) a composite number?
False
Let t be 1/(20/45) + (-2)/8. Suppose -c - 140 = -t*c - 2*q, -3*c - 2*q = -404. Suppose 3*j - 81 = c. Is j composite?
False
Let m = -79974 + 187973. Is m a composite number?
False
Let b = 142835 - 25932. Is b a prime number?
True
Let j = 137 - 125. Suppose 14*k + 2146 = j*k. Let p = -490 - k. Is p a prime number?
False
Let h be 34/6 - 5 - 13/(-3). Suppose -h*x + 2*s = 2456, -x + 354 = -4*s + 838. Let r = 1127 + x. Is r composite?
True
Let t be (-57)/6*2*-11. Let v = t - 119. Is v - (-4)/(8/2) a composite number?
True
Let b = 59938 + 343669. Is b a prime number?
True
Is (-74 + 79)*(2 - 112978/(-30))*3 a composite number?
False
Suppose -3*h = -5*m + 78430, -5*m - 5*h + 78455 = -3*h. Is m composite?
True
Let u(j) = -77*j**3 - 25*j**2 - 18*j - 401. Is u(-15) a composite number?
False
Let d be (-6)/(((-66)/(-348))/(-11)). Let k = 274 + d. Is k composite?
True
Suppose -2*n + 49714 = 4*u, -n + 2*u = -0*n - 24877. Suppose g = 3*c + 4*g - n, 3*c - 24835 = 5*g. Is c a prime number?
False
Let c(h) = -3*h + 6. Let n be c(1). Suppose -2*b + 2102 = -w, -2*b = -n*w - 822 - 1288. Is b prime?
True
Suppose 62*g = 3*a + 57*g - 50014, 2*a - g = 33345. Is a a composite number?
False
Let z be 7/28 + (-20997)/(-12) + 2. Let c = 3139 - z. Is c prime?
False
Let b(y) = 2432*y + 317. Is b(3) a composite number?
True
Let o(q) = 2*q**2 + 14*q - 4. Let z be o(-8). Let b be (-3)/z - 16245/(-20). Suppose 7*i - 21 - b = 0. Is i a prime number?
False
Let o = -871082 + 1916703. Is o a prime number?
True
Let r = 51 - 46. Suppose 5 = -3*g + r. Suppose 4*s + g*s - 169 = -o, 486 = 3*o + 5*s. Is o prime?
True
Suppose -3*b + 4*t + 3621 = 0, 3*t = 139*b - 138*b - 1202. Is b prime?
False
Let y = 27 - -3. Suppose y + 24 = 6*l. Is (-3)/l - (-224)/6 prime?
True
Suppose -2*s = 3*h + 2914, 3*s + 6 = -0*s. Suppose 0 = 5*k - 2*f - 5560 - 1251, k + 2*f = 1367. Let j = k - h. Is j a composite number?
False
Is -3 - ((-43847 - 4 - -1) + -3 + -3) prime?
True
Let w = 28911 - -101426. Is w prime?
True
Is (243989/2)/(((-110)/10)/(-22)) a prime number?
True
Let w be (86/(-43))/((-2)/(-9)). Is (-240261)/14*6/w prime?
False
Suppose 16*u - 11*u + 2*q = 26056041, -5*u + 2*q + 26056009 = 0. Is u a prime number?
False
Let z be (-4)/(-1) - (-32 - 21). Suppose 12*f + z = 21. Is -1*(f - 0) + (497 - -29) a composite number?
True
Let t = 36512 + 1930. Suppose 3*n = 3, 3*b + 3*n + 11760 - t = 0. Is b a composite number?
False
Is (9 - (22 + -12))*((-26580)/2 - 1) composite?
False
Let n be (-2)/(-4) + 20/8 - 7. Is (0 + n + 2)/(28/(-292418)) composite?
False
Suppose 160 = -5*w - 5*q, -4*w - 110 = -17*q + 12*q. Is (-820)/w*33/2 composite?
True
Suppose 2*k + 5*f - 1336232 = 491421, -1827647 = -2*k - 3*f. Is k composite?
True
Is (-8)/(-5) + -1 + (-9637956)/(-90) prime?
True
Is (3437868/42)/(-2 - (-8)/3) composite?
True
Suppose -2*q + 578 = -4*a, -5*a - 436 = -2*a - 2*q. Let m = 146 + a. Suppose 4*o + m = 0, -3*s + 3*o - o = -2735. Is s a prime number?
True
Suppose -5770528 = -40*n - 94*n + 1433714. Is n prime?
False
Suppose -4*q + 6054 = 2*t, -1486 = -q - 13*t + 18*t. Is q composite?
False
Suppose 0 = 188*c - 12264786 - 96511450. Is c composite?
False
Let m be (1595/87)/((-1)/(-6)). Suppose 19*k + m = 29*k. Is k composite?
False
Let x be 1*(0/(-1) - (-2 - -20)). Let w be x/99 - (-11002)/11. Suppose a + 179 = -i + w, -3*i = -a + 821. Is a composite?
False
Let q be (36/(-20))/(30/(-50)). Suppose q*y = 3767 - 674. Is y a prime number?
True
Suppose 4*o + 13282 - 68519 = -5*f, -4*o - f = -55233. Suppose 4*j + 20687 = 7*j + 5*q, 0 = -2*j + 5*q + o. Is j a composite number?
False
Let s be 1/1*(3 - 1). Suppose -4*d + 13 = 1. Suppose -288 = -3*y - s*q + q, d*y - q = 294. Is y a prime number?
True
Let p(v) = -2*v + 12. Let x be p(-4). Let o(l) = 11*l + 48. Let m be o(x). Let t = 459 - m. Is t composite?
False
Let o = -29 + 32. Suppose -4 = o*s - q, -4*q - 11 + 27 = s. Suppose s = -24*f + 25*f - 379. Is f composite?
False
Let o be ((-3)/2)/(18/(-768)). Is -4*8/o*-4358 composite?
False
Suppose -174 = -5*g - 164. Let b(i) = -i**2 + 21*i - 4*i**3 - 6*i**2 + g*i**2 + 8 + 3. Is b(-12) a composite number?
True
Let s be (-1 - (-1 + 2)/(-1))/(-2). Suppose 14*g - 12*g = 3*k + 813, -3*k = 9. Suppose 0 = 2*m - s*m - 4*r - g, -3*r = -3*m + 600. Is m a prime numbe